12)/(-9). Is k(i) prime?
False
Let h(u) = 18*u**3 - 2*u**2 + 4*u - 4. Let p be h(3). Let z be p/8*(1 + 5). Suppose 0 = -2*o + 5*c + 407, -o + z = o + 5*c. Is o a prime number?
True
Suppose 3*a - 2392 = -5*v - 528, 4*v + 2432 = 4*a. Is a prime?
True
Let z(l) = -47*l - 9. Let h be z(-6). Suppose 0 = 2*a + a - h. Is a prime?
False
Let v(a) = -38*a - 45. Is v(-22) a composite number?
True
Is 51/(4 + (-68)/20) a composite number?
True
Let o(q) = -15*q + 37. Is o(-18) composite?
False
Let i(n) = n**3 - 2*n**2 - 13*n - 1. Is i(9) a composite number?
False
Let d be 7/4 + 1/4. Suppose 260 = d*o + 66. Is o a composite number?
False
Suppose -5*o - c = 25, -o - 5*c = -0*c + 29. Let p(x) = -x - 4. Let j be p(o). Suppose j = r - 4*r + 33. Is r a prime number?
True
Let s be 3 + (-3)/((-3)/5). Suppose 4*l = 12, b - 5*l - s + 1 = 0. Is b prime?
False
Suppose -12 = -3*s, -2*r + 212 = 2*r + 4*s. Is r a prime number?
False
Is 2*20/24*141 a prime number?
False
Let y = 9 + -33. Let s = 49 + y. Is s prime?
False
Let t(u) = -4*u**3 + 5*u**2 + 15*u + 10. Let y(n) = 5*n**3 - 5*n**2 - 16*n - 11. Let r(g) = -4*t(g) - 3*y(g). Is r(9) prime?
False
Suppose 0 = v - 4*v + 54. Suppose l - v = 8. Is l prime?
False
Let c(u) = 5*u**2 - 16*u + 46. Is c(13) a composite number?
False
Let d(n) = -1 + n + 8*n**2 + n - 2. Suppose 0 = -5*r - 2*c + 4, -4*c = 4*r + 5 - 1. Is d(r) a prime number?
False
Let l = 8 - 6. Suppose 5*u = 4*d - 0*u - 1043, 0 = l*d - 2*u - 522. Suppose 0*c = -2*c + d. Is c prime?
True
Let g = 81 - -28. Is g a prime number?
True
Let w = 461 - -336. Is w prime?
True
Let r(s) = s**3 - 6*s**2 + 3*s. Suppose -4*m + 12 = -2*d - 0*d, -2*m + 18 = 2*d. Let w be r(d). Let l = w - -115. Is l prime?
False
Let b(d) = -4*d**2 + 6*d - 1. Let o be b(4). Let k = -161 + 89. Let z = o - k. Is z a composite number?
False
Suppose 4*k - 6*k = 0. Suppose -2*j + 170 + 0 = k. Is j prime?
False
Suppose 5*j - 6997 = -u, -6991 = -5*j - u + 3*u. Is j prime?
True
Suppose 0 = -2*d - 2*d + 3*k + 245, 2*d + k = 115. Is d a composite number?
False
Let p be 42/8 - (-3)/(-12). Suppose 0*d + 161 = d - p*b, 4*d - 2*b = 644. Is d prime?
False
Let f(k) = 5*k**2 - 29. Is f(12) a prime number?
True
Suppose 3 = 4*l - 473. Is l a composite number?
True
Suppose 5*z - 2080 = -105. Let w be (-2)/(-7) - 6/21. Suppose w = -h + 6*h - z. Is h prime?
True
Is (-2)/((-10)/(-15)) - -214 a prime number?
True
Suppose -c - 4 = d - 5*c, -5*d - 5*c = -30. Suppose 24 = 6*t - t - d*m, -2*m = 2. Suppose -208 = -4*o - 4*s, t*s - s + 268 = 5*o. Is o composite?
False
Let p = -53 + 231. Is p prime?
False
Suppose j + j = h + 2083, -5*h = -2*j + 2071. Is j a prime number?
False
Suppose 0 = 5*s - 10. Suppose -4*o + 4*r = -752, -5*r = s*o + 2*o - 743. Is o a composite number?
True
Let k(x) = 9*x**2 + 2*x - 1. Suppose 5*p - 8 = -3*y, 0 - 12 = 4*y + p. Let d be k(y). Suppose -5*c = 5*b - d, 5*c + 2*b = -0*b + 147. Is c a prime number?
True
Let u = 6 - -1. Suppose 2 = 3*h - u. Suppose h*g - 383 - 10 = 0. Is g a prime number?
True
Suppose -4*v = -v - 90. Let o = -8 + v. Is o a composite number?
True
Suppose -2*m - 6 = -q, -5*m + 4*m = -4*q + 3. Is m + 5 - 3 - -330 prime?
False
Let l be 2*((-15)/6 - -4). Let h(k) = 4*k**3 - 4*k**2 + k + 4. Is h(l) a prime number?
True
Let a(z) = 5*z**2 + 3*z - 5. Let y be a(-4). Suppose 0*o = 3*o - y. Is o a composite number?
True
Let f(c) = c**2 + 2*c + 3. Let i be f(-2). Suppose 0 = i*n - 23 - 40. Is n composite?
True
Let d(n) = -5*n**3 - 5*n**2 - 4*n - 3. Let k be d(-4). Let m = k + -179. Is m a prime number?
False
Let q(p) = -p**2 + 6*p - 9. Let w be q(5). Let s(j) = 4*j**2 + 3*j + 7. Is s(w) a prime number?
True
Suppose n = -3*x + 19, 0 = 4*n - 4*x - 0*x + 4. Let q = 74 + -52. Suppose 0 = -n*u + 242 - q. Is u composite?
True
Suppose 4*y - 1967 = -579. Is y a prime number?
True
Let g(p) = 44*p - 5. Let v(n) = 87*n - 9. Let o(s) = -5*g(s) + 2*v(s). Is o(-7) a composite number?
True
Suppose 4*c = -c + 235. Suppose 4*l + 123 + c = 3*g, 2*g - 114 = 2*l. Let m = 83 - g. Is m a composite number?
True
Is (-4)/(-7) - 23715/(-63) composite?
True
Suppose 4*n - 3 - 5 = 0. Suppose 3*q + 11 - n = 0. Let s(w) = 7*w**2 + 4*w + 2. Is s(q) a prime number?
True
Let d = 7 - 5. Suppose -m + 2*s + 75 = 0, s = -3*m - d*s + 261. Is m a prime number?
True
Suppose 0 + 1 = v. Let b(t) = 130*t + 1. Is b(v) prime?
True
Suppose 2*u = 3*k, -k = u - 3*k + 1. Suppose -u*j - 932 = -5*a - 4*j, 2*j + 941 = 5*a. Is a a composite number?
True
Suppose 3*g = -g + 8. Let q be g/8 + (-134)/(-8). Suppose -4*d + q = -27. Is d prime?
True
Is (-2058)/(-8) - 10/40 prime?
True
Let v = 428 - 640. Is v*(-3)/((-24)/(-10)) composite?
True
Suppose -10*q + 12*q - 2426 = 0. Is q a composite number?
False
Let x = 1149 + -500. Is x a prime number?
False
Let n = 264 - 158. Is n a prime number?
False
Suppose 2*l + 128 = -5*r, 2*r = 2*l + 92 + 50. Let i = -129 - l. Let p = i - -107. Is p a composite number?
False
Suppose 5*d - 4*j - 273 = 0, 112 = 2*d + j - 4*j. Suppose -328 + d = -5*a. Is a a composite number?
True
Let q = 361 - 198. Is q composite?
False
Let q = 2 - 3. Let o(m) = -m**3 + 8*m**2 - 10*m + 8. Let r be o(6). Let z = q + r. Is z a prime number?
True
Suppose 170 - 910 = -4*y. Let x = y - 109. Suppose -d - x = -3*d. Is d a prime number?
False
Let p(m) = 3*m**3 + m**2 + 2*m - 3. Let x be p(2). Suppose k + 2*j - 3 = 26, -2*j - x = -k. Suppose 5*f - 197 - k = -u, -5*f + 859 = 4*u. Is u prime?
True
Suppose 9*w = 2*w + 3157. Is w prime?
False
Let u(z) = -2*z**3 + z**2 + 2*z + 1. Let a be u(-1). Let v(p) = -p + 7. Let r be v(5). Suppose -4*j + 42 = a*k + j, 0 = -r*k + 5*j + 2. Is k a composite number?
False
Let t(v) = 26*v**3 + 2*v**2 - 2*v + 3. Is t(2) composite?
True
Suppose -4 = -2*y - 10. Let l = -11 - y. Is l/2*47/(-2) a prime number?
False
Suppose 4*l - 42 = l. Let g be (-16678)/l + 8/28. Is g/(-15) - (-2)/(-5) a prime number?
True
Let u = -3 + 19. Is u/(-88) - 68/(-11) prime?
False
Suppose 4*w = -10 - 38. Let m(r) = -r**2 - 18*r + 5. Is m(w) a composite number?
True
Suppose 34*j - 41*j = -17549. Is j prime?
False
Let u(a) = a**3 - 6*a**2 - 7*a - 7. Let h be 0 + 1 + (0 - 3). Let c be 0 - -9 - (3 + h). Is u(c) a composite number?
True
Let l = 15 - 8. Suppose 5*f - 164 = -l*a + 5*a, -a - 4*f = -79. Is a composite?
True
Let j = 6 - 1. Suppose x - j*x + 172 = 0. Suppose 3*l - x = -10. Is l a composite number?
False
Suppose -l - 182 = -2477. Is (-1)/(-4) - l/(-20) composite?
True
Suppose 2*n - 929 + 265 = 0. Suppose f - 83 = n. Suppose 0*i + 5*i - f = 0. Is i prime?
True
Let y = 1452 + -703. Is y prime?
False
Suppose -4*f = f - 3395. Is f prime?
False
Let z(j) be the second derivative of j**4/12 - 2*j**3/3 + j. Suppose -5*d = -d - 28. Is z(d) composite?
True
Let o = -3 + 4. Let q be o*-1 + 1 + 0. Suppose -5*k + 108 = 2*d - 0*d, 5*d + 5 = q. Is k a prime number?
False
Suppose 12*z = 5*z + 25459. Is z prime?
True
Let r = 7354 + -5193. Is r a composite number?
False
Let l = 55 + 39. Is l composite?
True
Suppose -4*p - p + 265 = 0. Is (p/(-1))/(3 + -4) composite?
False
Let m = 34 + 133. Is m prime?
True
Suppose -5*u = -u. Let r = u + -3. Let p(d) = -42*d + 1. Is p(r) prime?
True
Let h(r) be the first derivative of 31*r**5/60 + r**2/2 - 2. Let d(p) be the second derivative of h(p). Is d(-1) a prime number?
True
Let p = -1255 + 683. Let c = p - -1153. Is c a prime number?
False
Let g = 4 + 0. Let q(c) = c**2 + 5*c + 3. Is q(g) a composite number?
True
Let u(c) = -c**3 - 8*c - 6. Let g be u(-5). Suppose -3*x + 2*x + 2*p + g = 0, 315 = 2*x - p. Is x composite?
False
Let f be 2/(-3) - 4/12. Is 3/(f - (1 + -3)) composite?
False
Suppose 2*z = 2*x + 558, -2*z + 277 = -z - 3*x. Suppose -42 = -2*u + z. Is u a composite number?
True
Is 6/51 + 59220/68 a composite number?
True
Let u = 51 - 17. Is u + (-3)/(-2)*2 a composite number?
False
Suppose 2*n + 7183 = 3*u, 5*n + 61 = 4*u - 9521. Is u a prime number?
True
Let b = 571 + -341. Suppose -8*x + 3*x + b = 0. Is x composite?
True
Suppose 3*a - 1740 = -0*a - 3*t, -3*t - 2327 = -4*a. Is a composite?
True
Let a = -98 + 2712. Is a composite?
True
Let y(b) = 11*b + 17. Let r(l) = -5*l - 9. Let a(h) = 11*r(h) + 6*y(h). Is a(8) composite?
True
Suppose -w - 6 = -f, 2*f = -0*f - 4*w - 6. Let u be 4*(-3)/(-2) - f. Suppose 18